{"id":2333,"date":"2025-06-06T13:22:46","date_gmt":"2025-06-06T11:22:46","guid":{"rendered":"http:\/\/localhost\/mon-site\/?page_id=2333"},"modified":"2025-08-21T13:59:42","modified_gmt":"2025-08-21T11:59:42","slug":"dblnews","status":"publish","type":"page","link":"https:\/\/www.donbosco-landser.net\/?page_id=2333","title":{"rendered":"Association des Anciens de Don Bosco-Landser"},"content":{"rendered":"\n<div style=\"height:73px\" aria-hidden=\"true\" class=\"wp-block-spacer\"><\/div>\n\n\n\n<h2 class=\"wp-block-heading has-text-align-center\"><strong>Association des Anciens de Don Bosco-Landser<\/strong><\/h2>\n\n\n\n<div style=\"height:77px\" aria-hidden=\"true\" class=\"wp-block-spacer\"><\/div>\n\n\n\n<p><strong>\ud83e\udd1d Association des Anciens de Don Bosco-Landser<\/strong><\/p>\n\n\n\n<p>L\u2019<strong>Association des Anciens<\/strong> perp\u00e9tue <strong>l\u2019esprit de famille et de fraternit\u00e9<\/strong> qui anime Don Bosco-Landser. <br>Elle rassemble <strong>anciens \u00e9l\u00e8ves, retrait\u00e9s et personnels<\/strong> autour d\u2019<strong>activit\u00e9s culturelles, sportives et solidaires<\/strong>, tout en favorisant <strong>l\u2019entraide<\/strong> entre ses membres et les \u00e9l\u00e8ves actuels.<\/p>\n\n\n\n<p>\ud83d\udd39 <strong>Pourquoi nous rejoindre ?<\/strong> <br>\u2192 <strong>Retrouver l\u2019esprit Don Bosco<\/strong> et ses valeurs. <br>\u2192 <strong>Participer \u00e0 des moments conviviaux<\/strong> (rencontres, \u00e9v\u00e9nements, projets). <br>\u2192 <strong>S\u2019engager<\/strong> pour transmettre et partager cette aventure humaine unique.<\/p>\n\n\n\n<p>\ud83d\udcac <strong>Envie de nous rejoindre ou d\u2019en savoir plus ?<\/strong> \ud83d\udc49 <a href=\"https:\/\/www.anciensdonboscolandser.fr\/\" target=\"_blank\" rel=\"noreferrer noopener\">Suivez ce lien<\/a> pour toutes les informations !<\/p>\n\n\n\n<div style=\"height:61px\" aria-hidden=\"true\" class=\"wp-block-spacer\"><\/div>\n\n\n\n<p><\/p>\n","protected":false},"excerpt":{"rendered":"<p>Association des Anciens de Don Bosco-Landser \ud83e\udd1d Association des Anciens de Don Bosco-Landser L\u2019Association des Anciens perp\u00e9tue l\u2019esprit de famille [&hellip;]<\/p>\n","protected":false},"author":1,"featured_media":0,"parent":0,"menu_order":0,"comment_status":"closed","ping_status":"closed","template":"","meta":{"site-sidebar-layout":"default","site-content-layout":"","ast-site-content-layout":"default","site-content-style":"default","site-sidebar-style":"default","ast-global-header-display":"","ast-banner-title-visibility":"","ast-main-header-display":"","ast-hfb-above-header-display":"","ast-hfb-below-header-display":"","ast-hfb-mobile-header-display":"","site-post-title":"disabled","ast-breadcrumbs-content":"","ast-featured-img":"","footer-sml-layout":"","theme-transparent-header-meta":"","adv-header-id-meta":"","stick-header-meta":"","header-above-stick-meta":"","header-main-stick-meta":"","header-below-stick-meta":"","astra-migrate-meta-layouts":"set","ast-page-background-enabled":"default","ast-page-background-meta":{"desktop":{"background-color":"var(--ast-global-color-4)","background-image":"","background-repeat":"repeat","background-position":"center center","background-size":"auto","background-attachment":"scroll","background-type":"","background-media":"","overlay-type":"","overlay-color":"","overlay-opacity":"","overlay-gradient":""},"tablet":{"background-color":"","background-image":"","background-repeat":"repeat","background-position":"center center","background-size":"auto","background-attachment":"scroll","background-type":"","background-media":"","overlay-type":"","overlay-color":"","overlay-opacity":"","overlay-gradient":""},"mobile":{"background-color":"","background-image":"","background-repeat":"repeat","background-position":"center center","background-size":"auto","background-attachment":"scroll","background-type":"","background-media":"","overlay-type":"","overlay-color":"","overlay-opacity":"","overlay-gradient":""}},"ast-content-background-meta":{"desktop":{"background-color":"var(--ast-global-color-5)","background-image":"","background-repeat":"repeat","background-position":"center center","background-size":"auto","background-attachment":"scroll","background-type":"","background-media":"","overlay-type":"","overlay-color":"","overlay-opacity":"","overlay-gradient":""},"tablet":{"background-color":"var(--ast-global-color-5)","background-image":"","background-repeat":"repeat","background-position":"center center","background-size":"auto","background-attachment":"scroll","background-type":"","background-media":"","overlay-type":"","overlay-color":"","overlay-opacity":"","overlay-gradient":""},"mobile":{"background-color":"var(--ast-global-color-5)","background-image":"","background-repeat":"repeat","background-position":"center center","background-size":"auto","background-attachment":"scroll","background-type":"","background-media":"","overlay-type":"","overlay-color":"","overlay-opacity":"","overlay-gradient":""}},"footnotes":""},"class_list":["post-2333","page","type-page","status-publish","hentry"],"jetpack_sharing_enabled":true,"_links":{"self":[{"href":"https:\/\/www.donbosco-landser.net\/index.php?rest_route=\/wp\/v2\/pages\/2333","targetHints":{"allow":["GET"]}}],"collection":[{"href":"https:\/\/www.donbosco-landser.net\/index.php?rest_route=\/wp\/v2\/pages"}],"about":[{"href":"https:\/\/www.donbosco-landser.net\/index.php?rest_route=\/wp\/v2\/types\/page"}],"author":[{"embeddable":true,"href":"https:\/\/www.donbosco-landser.net\/index.php?rest_route=\/wp\/v2\/users\/1"}],"replies":[{"embeddable":true,"href":"https:\/\/www.donbosco-landser.net\/index.php?rest_route=%2Fwp%2Fv2%2Fcomments&post=2333"}],"version-history":[{"count":4,"href":"https:\/\/www.donbosco-landser.net\/index.php?rest_route=\/wp\/v2\/pages\/2333\/revisions"}],"predecessor-version":[{"id":2586,"href":"https:\/\/www.donbosco-landser.net\/index.php?rest_route=\/wp\/v2\/pages\/2333\/revisions\/2586"}],"wp:attachment":[{"href":"https:\/\/www.donbosco-landser.net\/index.php?rest_route=%2Fwp%2Fv2%2Fmedia&parent=2333"}],"curies":[{"name":"wp","href":"https:\/\/api.w.org\/{rel}","templated":true}]}}