{"id":2310,"date":"2025-06-06T10:06:13","date_gmt":"2025-06-06T08:06:13","guid":{"rendered":"http:\/\/localhost\/mon-site\/?page_id=2310"},"modified":"2025-08-21T13:38:00","modified_gmt":"2025-08-21T11:38:00","slug":"presentation-du-niveau-matieres-terminale","status":"publish","type":"page","link":"https:\/\/www.donbosco-landser.net\/?page_id=2310","title":{"rendered":"Pr\u00e9sentation du niveau &#8211; Mati\u00e8res Terminale"},"content":{"rendered":"\n<div style=\"height:56px\" aria-hidden=\"true\" class=\"wp-block-spacer\"><\/div>\n\n\n\n<h2 class=\"wp-block-heading\">Pr\u00e9sentation du niveau &#8211; Mati\u00e8res Terminale<\/h2>\n\n\n\n<div style=\"height:55px\" aria-hidden=\"true\" class=\"wp-block-spacer\"><\/div>\n\n\n\n<p>La terminale est l\u2019ann\u00e9e de pr\u00e9paration aux examens finaux et aux choix d\u2019orientation post-bac. Les \u00e9l\u00e8ves participent \u00e0 une sortie de d\u00e9but d\u2019ann\u00e9e pour souder les relations avant une ann\u00e9e intense. Ils b\u00e9n\u00e9ficient de s\u00e9ances d\u2019orientation, notamment avec Parcoursup, pour les aider \u00e0 faire le choix de leurs \u00e9tudes sup\u00e9rieures. Cette ann\u00e9e est marqu\u00e9e par le travail intensif en vue du baccalaur\u00e9at, mais se cl\u00f4ture par un moment festif avec le bal de fin d\u2019ann\u00e9e, qui c\u00e9l\u00e8bre la fin de leur parcours scolaire.<\/p>\n\n\n\n<p><strong>Sortie de d\u00e9but d\u2019ann\u00e9e<\/strong><\/p>\n\n\n\n<p>La sortie de d\u00e9but d\u2019ann\u00e9e pour les \u00e9l\u00e8ves de terminale promet une journ\u00e9e m\u00e9morable \u00e0 l\u2019accrobranche. Les \u00e9l\u00e8ves ont l\u2019opportunit\u00e9 de vivre une aventure en plein air et de renforcer les liens avec leurs camarades tout en profitant d\u2019un temps libre pour explorer les activit\u00e9s d\u2019accrobranche. S\u2019ensuit d\u2019une marche et d\u2019un repas dans une auberge ajoutant une touche conviviale \u00e0 cette exp\u00e9rience unique en pleine nature.<\/p>\n\n\n\n<p><strong>Orientation\/Parcoursup<\/strong><\/p>\n\n\n\n<p>En Terminale, les \u00e9l\u00e8ves entament leur orientation en pr\u00e9parant leur dossier sur Parcoursup. R\u00e9fl\u00e9chir aux diff\u00e9rentes \u00e9coles pour les \u00e9tudes post-bac est une \u00e9tape cruciale, soulignant l\u2019importance de ce processus pour leur avenir. Bien que les enseignants soient l\u00e0 pour les guider, la construction de ce dossier demande une attention personnelle soutenue, soulignant l\u2019importance de prendre ce processus au s\u00e9rieux.<\/p>\n\n\n\n<p><strong>Cantine<\/strong><br>En Terminale, les \u00e9l\u00e8ves b\u00e9n\u00e9ficient d\u2019un privil\u00e8ge \u00e0 la cantine, disposant d\u2019une salle r\u00e9serv\u00e9e avec les professeurs, les distinguant ainsi des autres lyc\u00e9ens et coll\u00e9giens. Cette tradition ancienne favorise un sentiment de communaut\u00e9 entre les terminales et les enseignants, offrant un espace propice aux \u00e9changes et renfor\u00e7ant les liens au sein notre \u00e9tablissement<\/p>\n\n\n\n<div style=\"height:48px\" aria-hidden=\"true\" class=\"wp-block-spacer\"><\/div>\n","protected":false},"excerpt":{"rendered":"<p>Pr\u00e9sentation du niveau &#8211; Mati\u00e8res Terminale La terminale est l\u2019ann\u00e9e de pr\u00e9paration aux examens finaux et aux choix d\u2019orientation post-bac. [&hellip;]<\/p>\n","protected":false},"author":1,"featured_media":0,"parent":0,"menu_order":0,"comment_status":"closed","ping_status":"closed","template":"","meta":{"site-sidebar-layout":"default","site-content-layout":"","ast-site-content-layout":"default","site-content-style":"default","site-sidebar-style":"default","ast-global-header-display":"","ast-banner-title-visibility":"","ast-main-header-display":"","ast-hfb-above-header-display":"","ast-hfb-below-header-display":"","ast-hfb-mobile-header-display":"","site-post-title":"disabled","ast-breadcrumbs-content":"","ast-featured-img":"","footer-sml-layout":"","theme-transparent-header-meta":"","adv-header-id-meta":"","stick-header-meta":"","header-above-stick-meta":"","header-main-stick-meta":"","header-below-stick-meta":"","astra-migrate-meta-layouts":"set","ast-page-background-enabled":"default","ast-page-background-meta":{"desktop":{"background-color":"var(--ast-global-color-4)","background-image":"","background-repeat":"repeat","background-position":"center center","background-size":"auto","background-attachment":"scroll","background-type":"","background-media":"","overlay-type":"","overlay-color":"","overlay-opacity":"","overlay-gradient":""},"tablet":{"background-color":"","background-image":"","background-repeat":"repeat","background-position":"center center","background-size":"auto","background-attachment":"scroll","background-type":"","background-media":"","overlay-type":"","overlay-color":"","overlay-opacity":"","overlay-gradient":""},"mobile":{"background-color":"","background-image":"","background-repeat":"repeat","background-position":"center center","background-size":"auto","background-attachment":"scroll","background-type":"","background-media":"","overlay-type":"","overlay-color":"","overlay-opacity":"","overlay-gradient":""}},"ast-content-background-meta":{"desktop":{"background-color":"var(--ast-global-color-5)","background-image":"","background-repeat":"repeat","background-position":"center center","background-size":"auto","background-attachment":"scroll","background-type":"","background-media":"","overlay-type":"","overlay-color":"","overlay-opacity":"","overlay-gradient":""},"tablet":{"background-color":"var(--ast-global-color-5)","background-image":"","background-repeat":"repeat","background-position":"center center","background-size":"auto","background-attachment":"scroll","background-type":"","background-media":"","overlay-type":"","overlay-color":"","overlay-opacity":"","overlay-gradient":""},"mobile":{"background-color":"var(--ast-global-color-5)","background-image":"","background-repeat":"repeat","background-position":"center center","background-size":"auto","background-attachment":"scroll","background-type":"","background-media":"","overlay-type":"","overlay-color":"","overlay-opacity":"","overlay-gradient":""}},"footnotes":""},"class_list":["post-2310","page","type-page","status-publish","hentry"],"jetpack_sharing_enabled":true,"_links":{"self":[{"href":"https:\/\/www.donbosco-landser.net\/index.php?rest_route=\/wp\/v2\/pages\/2310","targetHints":{"allow":["GET"]}}],"collection":[{"href":"https:\/\/www.donbosco-landser.net\/index.php?rest_route=\/wp\/v2\/pages"}],"about":[{"href":"https:\/\/www.donbosco-landser.net\/index.php?rest_route=\/wp\/v2\/types\/page"}],"author":[{"embeddable":true,"href":"https:\/\/www.donbosco-landser.net\/index.php?rest_route=\/wp\/v2\/users\/1"}],"replies":[{"embeddable":true,"href":"https:\/\/www.donbosco-landser.net\/index.php?rest_route=%2Fwp%2Fv2%2Fcomments&post=2310"}],"version-history":[{"count":4,"href":"https:\/\/www.donbosco-landser.net\/index.php?rest_route=\/wp\/v2\/pages\/2310\/revisions"}],"predecessor-version":[{"id":2565,"href":"https:\/\/www.donbosco-landser.net\/index.php?rest_route=\/wp\/v2\/pages\/2310\/revisions\/2565"}],"wp:attachment":[{"href":"https:\/\/www.donbosco-landser.net\/index.php?rest_route=%2Fwp%2Fv2%2Fmedia&parent=2310"}],"curies":[{"name":"wp","href":"https:\/\/api.w.org\/{rel}","templated":true}]}}