{"id":1731,"date":"2025-01-15T10:04:03","date_gmt":"2025-01-15T09:04:03","guid":{"rendered":"http:\/\/localhost\/mon-site\/?page_id=1731"},"modified":"2025-08-19T15:03:05","modified_gmt":"2025-08-19T13:03:05","slug":"cross-du-colleges","status":"publish","type":"page","link":"https:\/\/www.donbosco-landser.net\/?page_id=1731","title":{"rendered":"Cross du Coll\u00e8ges"},"content":{"rendered":"\n<div style=\"height:34px\" aria-hidden=\"true\" class=\"wp-block-spacer\"><\/div>\n\n\n\n<h2 class=\"wp-block-heading has-text-align-center\">Cross du Coll\u00e8ge<\/h2>\n\n\n\n<div style=\"height:34px\" aria-hidden=\"true\" class=\"wp-block-spacer\"><\/div>\n\n\n\n<p><strong>\ud83c\udfc3\u200d\u2642\ufe0f Le Cross Annuel \u2013 Une Course Solidaire et Sportive<\/strong><\/p>\n\n\n\n<p>Chaque ann\u00e9e, les \u00e9l\u00e8ves <strong>de la 7\u00e8me \u00e0 la 3\u00e8me<\/strong> participent \u00e0 un <strong>cross organis\u00e9 autour du coll\u00e8ge\/lyc\u00e9e<\/strong>. Cet \u00e9v\u00e9nement allie <strong>d\u00e9passement de soi, esprit d\u2019\u00e9quipe et convivialit\u00e9<\/strong> !<\/p>\n\n\n\n<p>\ud83d\udd39 <strong>Comment \u00e7a se passe ?<\/strong> <br>\u2192 <strong>Deux \u00e9l\u00e8ves par classe<\/strong> sont d\u00e9sign\u00e9s pour <strong>guider et animer l\u2019\u00e9chauffement<\/strong> avant le d\u00e9part. <br>\u2192 <strong>Les \u00e9l\u00e8ves de Terminale<\/strong> courent aux c\u00f4t\u00e9s des coll\u00e9giens pour les <strong>encourager et les accompagner<\/strong>. <br>\u2192 <strong>Les parents de l\u2019APEL<\/strong> jalonnent le parcours pour <strong>soutenir les coureurs<\/strong> et veiller au bon d\u00e9roulement de la course. <br>\u2192 <strong>Deux professeurs d\u2019EPS<\/strong> assurent l\u2019<strong>ouverture et la fermeture<\/strong> de la course pour garantir la s\u00e9curit\u00e9 de tous.<\/p>\n\n\n\n<p>\ud83d\udcaa <strong>Un moment de partage et d\u2019effort collectif<\/strong> : <br>\u2192 <strong>Un parcours adapt\u00e9<\/strong> pour tous les niveaux. <br>\u2192 <strong>Une ambiance motivante<\/strong> gr\u00e2ce \u00e0 l\u2019implication de toute la communaut\u00e9 \u00e9ducative.<\/p>\n\n\n\n<hr class=\"wp-block-separator has-alpha-channel-opacity\"\/>\n\n\n\n<p><em>\u00ab Ensemble, franchissons la ligne d\u2019arriv\u00e9e ! \u00bb<\/em> <strong>Pr\u00eat \u00e0 relever le d\u00e9fi ?<\/strong> \ud83c\udfc5<\/p>\n\n\n\n<div style=\"height:68px\" aria-hidden=\"true\" class=\"wp-block-spacer\"><\/div>\n","protected":false},"excerpt":{"rendered":"<p>Cross du Coll\u00e8ge \ud83c\udfc3\u200d\u2642\ufe0f Le Cross Annuel \u2013 Une Course Solidaire et Sportive Chaque ann\u00e9e, les \u00e9l\u00e8ves de la 7\u00e8me [&hellip;]<\/p>\n","protected":false},"author":1,"featured_media":0,"parent":1719,"menu_order":0,"comment_status":"closed","ping_status":"closed","template":"","meta":{"site-sidebar-layout":"default","site-content-layout":"","ast-site-content-layout":"default","site-content-style":"default","site-sidebar-style":"default","ast-global-header-display":"","ast-banner-title-visibility":"","ast-main-header-display":"","ast-hfb-above-header-display":"","ast-hfb-below-header-display":"","ast-hfb-mobile-header-display":"","site-post-title":"disabled","ast-breadcrumbs-content":"","ast-featured-img":"","footer-sml-layout":"","theme-transparent-header-meta":"","adv-header-id-meta":"","stick-header-meta":"","header-above-stick-meta":"","header-main-stick-meta":"","header-below-stick-meta":"","astra-migrate-meta-layouts":"set","ast-page-background-enabled":"default","ast-page-background-meta":{"desktop":{"background-color":"var(--ast-global-color-4)","background-image":"","background-repeat":"repeat","background-position":"center center","background-size":"auto","background-attachment":"scroll","background-type":"","background-media":"","overlay-type":"","overlay-color":"","overlay-opacity":"","overlay-gradient":""},"tablet":{"background-color":"","background-image":"","background-repeat":"repeat","background-position":"center center","background-size":"auto","background-attachment":"scroll","background-type":"","background-media":"","overlay-type":"","overlay-color":"","overlay-opacity":"","overlay-gradient":""},"mobile":{"background-color":"","background-image":"","background-repeat":"repeat","background-position":"center center","background-size":"auto","background-attachment":"scroll","background-type":"","background-media":"","overlay-type":"","overlay-color":"","overlay-opacity":"","overlay-gradient":""}},"ast-content-background-meta":{"desktop":{"background-color":"var(--ast-global-color-5)","background-image":"","background-repeat":"repeat","background-position":"center center","background-size":"auto","background-attachment":"scroll","background-type":"","background-media":"","overlay-type":"","overlay-color":"","overlay-opacity":"","overlay-gradient":""},"tablet":{"background-color":"var(--ast-global-color-5)","background-image":"","background-repeat":"repeat","background-position":"center center","background-size":"auto","background-attachment":"scroll","background-type":"","background-media":"","overlay-type":"","overlay-color":"","overlay-opacity":"","overlay-gradient":""},"mobile":{"background-color":"var(--ast-global-color-5)","background-image":"","background-repeat":"repeat","background-position":"center center","background-size":"auto","background-attachment":"scroll","background-type":"","background-media":"","overlay-type":"","overlay-color":"","overlay-opacity":"","overlay-gradient":""}},"footnotes":""},"class_list":["post-1731","page","type-page","status-publish","hentry"],"jetpack_sharing_enabled":true,"_links":{"self":[{"href":"https:\/\/www.donbosco-landser.net\/index.php?rest_route=\/wp\/v2\/pages\/1731","targetHints":{"allow":["GET"]}}],"collection":[{"href":"https:\/\/www.donbosco-landser.net\/index.php?rest_route=\/wp\/v2\/pages"}],"about":[{"href":"https:\/\/www.donbosco-landser.net\/index.php?rest_route=\/wp\/v2\/types\/page"}],"author":[{"embeddable":true,"href":"https:\/\/www.donbosco-landser.net\/index.php?rest_route=\/wp\/v2\/users\/1"}],"replies":[{"embeddable":true,"href":"https:\/\/www.donbosco-landser.net\/index.php?rest_route=%2Fwp%2Fv2%2Fcomments&post=1731"}],"version-history":[{"count":5,"href":"https:\/\/www.donbosco-landser.net\/index.php?rest_route=\/wp\/v2\/pages\/1731\/revisions"}],"predecessor-version":[{"id":2415,"href":"https:\/\/www.donbosco-landser.net\/index.php?rest_route=\/wp\/v2\/pages\/1731\/revisions\/2415"}],"up":[{"embeddable":true,"href":"https:\/\/www.donbosco-landser.net\/index.php?rest_route=\/wp\/v2\/pages\/1719"}],"wp:attachment":[{"href":"https:\/\/www.donbosco-landser.net\/index.php?rest_route=%2Fwp%2Fv2%2Fmedia&parent=1731"}],"curies":[{"name":"wp","href":"https:\/\/api.w.org\/{rel}","templated":true}]}}