{"id":1641,"date":"2025-01-14T16:09:04","date_gmt":"2025-01-14T15:09:04","guid":{"rendered":"http:\/\/localhost\/mon-site\/?page_id=1641"},"modified":"2025-08-21T08:50:59","modified_gmt":"2025-08-21T06:50:59","slug":"quelques-chiffres","status":"publish","type":"page","link":"https:\/\/www.donbosco-landser.net\/?page_id=1641","title":{"rendered":"Quelques Chiffres"},"content":{"rendered":"\n<div style=\"height:54px\" aria-hidden=\"true\" class=\"wp-block-spacer\"><\/div>\n\n\n\n<h2 class=\"wp-block-heading has-text-align-center\">\ud83d\udcca <strong>Quelques Chiffres Cl\u00e9s<\/strong><\/h2>\n\n\n\n<div style=\"height:54px\" aria-hidden=\"true\" class=\"wp-block-spacer\"><\/div>\n\n\n\n<h3 class=\"wp-block-heading\"><strong>Effectifs et R\u00e9partition des \u00c9l\u00e8ves<\/strong><\/h3>\n\n\n\n<ul class=\"wp-block-list\">\n<li><strong>Nombre total d&rsquo;\u00e9l\u00e8ves<\/strong> : Environ <strong>1072 \u00e9l\u00e8ves<\/strong>, r\u00e9partis comme suit\n<ul class=\"wp-block-list\">\n<li><strong>\u00c9cole primaire (CM2)<\/strong> : Une classe\u200b de 32 \u00e9l\u00e8ves<\/li>\n\n\n\n<li><strong>Coll\u00e8ge<\/strong> : Environ <strong>598 \u00e9l\u00e8ves<\/strong> r\u00e9partis sur quatre niveaux :\u200b\n<ul class=\"wp-block-list\">\n<li><strong>6\u1d49<\/strong> : 150 \u00e9l\u00e8ves<\/li>\n\n\n\n<li><strong>5\u1d49<\/strong> : 150 \u00e9l\u00e8ves<\/li>\n\n\n\n<li><strong>4\u1d49<\/strong> : 148 \u00e9l\u00e8ves<\/li>\n\n\n\n<li><strong>3\u1d49<\/strong> : 150 \u00e9l\u00e8ves<\/li>\n<\/ul>\n<\/li>\n\n\n\n<li><strong>Lyc\u00e9e<\/strong> : Environ <strong>442 \u00e9l\u00e8ves<\/strong> r\u00e9partis sur trois niveaux :\u200b\n<ul class=\"wp-block-list\">\n<li><strong>2nde<\/strong> : 150\u00e9l\u00e8ves<\/li>\n\n\n\n<li><strong>1\u00e8re<\/strong> : 148\u00e9l\u00e8ves<\/li>\n\n\n\n<li><strong>Terminale<\/strong> : 144 \u00e9l\u00e8ves<\/li>\n<\/ul>\n<\/li>\n<\/ul>\n<\/li>\n<\/ul>\n\n\n\n<p><em>Source : <a>Coll\u00e8ge Priv\u00e9 Don Bosco De Landser<\/a><\/em><\/p>\n\n\n\n<h3 class=\"wp-block-heading\"><strong>R\u00e9sultats aux Examens<\/strong><\/h3>\n\n\n\n<p>D\u00e9couvrez les <strong>r\u00e9sultats exceptionnels<\/strong> de nos \u00e9l\u00e8ves au <strong>Brevet des Coll\u00e8ges<\/strong> et au <strong>Baccalaur\u00e9at<\/strong> depuis 2021.<\/p>\n\n\n\n<p><strong>\ud83d\udcca Brevet des Coll\u00e8ges: <\/strong><\/p>\n\n\n\n<figure class=\"wp-block-table\"><table class=\"has-fixed-layout\"><thead><tr><th>Ann\u00e9e<\/th><th>Taux de r\u00e9ussite<\/th><th>Taux de mentions<\/th><th>Tr\u00e8s bien<\/th><th>Bien<\/th><th>Assez bien<\/th><th>F\u00e9licitations<\/th><\/tr><\/thead><tbody><tr><td><strong>2025<\/strong><\/td><td>100%<\/td><td>100%<\/td><td>105<\/td><td>32<\/td><td>10<\/td><td>57<\/td><\/tr><tr><td><strong>2024<\/strong><\/td><td>100%<\/td><td>100%<\/td><td>87<\/td><td>50<\/td><td>11<\/td><td>&#8211;<\/td><\/tr><tr><td><strong>2023<\/strong><\/td><td>100%<\/td><td>99,29%<\/td><td>99<\/td><td>31<\/td><td>9<\/td><td>&#8211;<\/td><\/tr><tr><td><strong>2022<\/strong><\/td><td>100%<\/td><td>94,48%<\/td><td>97<\/td><td>30<\/td><td>10<\/td><td>&#8211;<\/td><\/tr><tr><td><strong>2021<\/strong><\/td><td>100%<\/td><td>97,93%<\/td><td>94<\/td><td>37<\/td><td>11<\/td><td>&#8211;<\/td><\/tr><\/tbody><\/table><\/figure>\n\n\n\n<p><strong>\ud83c\udf93 Baccalaur\u00e9at : <\/strong><\/p>\n\n\n\n<figure class=\"wp-block-table\"><table class=\"has-fixed-layout\"><thead><tr><th>Ann\u00e9e<\/th><th>Taux de r\u00e9ussite<\/th><th>Taux de mentions<\/th><th>Tr\u00e8s bien<\/th><th>Bien<\/th><th>Assez bien<\/th><th>F\u00e9licitations<\/th><\/tr><\/thead><tbody><tr><td><strong>2025<\/strong><\/td><td>100%<\/td><td>93,70%<\/td><td>32<\/td><td>63<\/td><td>39<\/td><td>4<\/td><\/tr><tr><td><strong>2024<\/strong><\/td><td>100%<\/td><td>88,49%<\/td><td>45<\/td><td>50<\/td><td>28<\/td><td>4<\/td><\/tr><tr><td><strong>2023<\/strong><\/td><td>100%<\/td><td>93,23%<\/td><td>46<\/td><td>42<\/td><td>36<\/td><td>6<\/td><\/tr><tr><td><strong>2022<\/strong><\/td><td>100%<\/td><td>97,84%<\/td><td>58<\/td><td>56<\/td><td>22<\/td><td>8<\/td><\/tr><tr><td><strong>2021<\/strong><\/td><td>100%<\/td><td>92,42%<\/td><td>38<\/td><td>53<\/td><td>31<\/td><td>7<\/td><\/tr><\/tbody><\/table><\/figure>\n\n\n\n<p><strong>F\u00e9licitations \u00e0 tous nos \u00e9l\u00e8ves<\/strong> pour leur <strong>travail, leur pers\u00e9v\u00e9rance et leur excellence<\/strong> ! Ces r\u00e9sultats refl\u00e8tent l\u2019engagement de toute la communaut\u00e9 \u00e9ducative de <strong>Don Bosco Landser<\/strong>. \ud83c\udf1f<\/p>\n\n\n\n<p><em>\u00ab Ensemble, visons toujours plus haut. \u00bb<\/em><br><\/p>\n\n\n\n<ul class=\"wp-block-list\"><\/ul>\n\n\n\n<ul class=\"wp-block-list\"><\/ul>\n\n\n\n<h3 class=\"wp-block-heading\"><strong>Historique et \u00c9volution<\/strong><\/h3>\n\n\n\n<ul class=\"wp-block-list\">\n<li><strong>Fondation<\/strong> : Cr\u00e9\u00e9 en <strong>1929<\/strong> par les Sal\u00e9siens, l&rsquo;\u00e9tablissement a \u00e9volu\u00e9 pour devenir un acteur majeur de l&rsquo;\u00e9ducation dans la r\u00e9gion.<\/li>\n\n\n\n<li><strong>Infrastructures<\/strong> : En <strong>2022<\/strong>, inauguration de l&rsquo;<strong>Espace Kolmer<\/strong>, une annexe moderne d\u00e9di\u00e9e aux classes de 6\u1d49 et 7\u1d49, situ\u00e9e \u00e0 200 m\u00e8tres du b\u00e2timent principal.<\/li>\n<\/ul>\n\n\n\n<p><em>Source : <a>Don Bosco \u2013 LANDSER<\/a><\/em><\/p>\n\n\n\n<ul class=\"wp-block-list\"><\/ul>\n\n\n\n<div style=\"height:59px\" aria-hidden=\"true\" class=\"wp-block-spacer\"><\/div>\n","protected":false},"excerpt":{"rendered":"<p>\ud83d\udcca Quelques Chiffres Cl\u00e9s Effectifs et R\u00e9partition des \u00c9l\u00e8ves Source : Coll\u00e8ge Priv\u00e9 Don Bosco De Landser R\u00e9sultats aux Examens [&hellip;]<\/p>\n","protected":false},"author":1,"featured_media":0,"parent":1611,"menu_order":0,"comment_status":"closed","ping_status":"closed","template":"","meta":{"site-sidebar-layout":"default","site-content-layout":"","ast-site-content-layout":"default","site-content-style":"default","site-sidebar-style":"default","ast-global-header-display":"","ast-banner-title-visibility":"","ast-main-header-display":"","ast-hfb-above-header-display":"","ast-hfb-below-header-display":"","ast-hfb-mobile-header-display":"","site-post-title":"disabled","ast-breadcrumbs-content":"","ast-featured-img":"","footer-sml-layout":"","theme-transparent-header-meta":"","adv-header-id-meta":"","stick-header-meta":"","header-above-stick-meta":"","header-main-stick-meta":"","header-below-stick-meta":"","astra-migrate-meta-layouts":"set","ast-page-background-enabled":"default","ast-page-background-meta":{"desktop":{"background-color":"var(--ast-global-color-4)","background-image":"","background-repeat":"repeat","background-position":"center center","background-size":"auto","background-attachment":"scroll","background-type":"","background-media":"","overlay-type":"","overlay-color":"","overlay-opacity":"","overlay-gradient":""},"tablet":{"background-color":"","background-image":"","background-repeat":"repeat","background-position":"center center","background-size":"auto","background-attachment":"scroll","background-type":"","background-media":"","overlay-type":"","overlay-color":"","overlay-opacity":"","overlay-gradient":""},"mobile":{"background-color":"","background-image":"","background-repeat":"repeat","background-position":"center center","background-size":"auto","background-attachment":"scroll","background-type":"","background-media":"","overlay-type":"","overlay-color":"","overlay-opacity":"","overlay-gradient":""}},"ast-content-background-meta":{"desktop":{"background-color":"var(--ast-global-color-5)","background-image":"","background-repeat":"repeat","background-position":"center center","background-size":"auto","background-attachment":"scroll","background-type":"","background-media":"","overlay-type":"","overlay-color":"","overlay-opacity":"","overlay-gradient":""},"tablet":{"background-color":"var(--ast-global-color-5)","background-image":"","background-repeat":"repeat","background-position":"center center","background-size":"auto","background-attachment":"scroll","background-type":"","background-media":"","overlay-type":"","overlay-color":"","overlay-opacity":"","overlay-gradient":""},"mobile":{"background-color":"var(--ast-global-color-5)","background-image":"","background-repeat":"repeat","background-position":"center center","background-size":"auto","background-attachment":"scroll","background-type":"","background-media":"","overlay-type":"","overlay-color":"","overlay-opacity":"","overlay-gradient":""}},"footnotes":""},"class_list":["post-1641","page","type-page","status-publish","hentry"],"jetpack_sharing_enabled":true,"_links":{"self":[{"href":"https:\/\/www.donbosco-landser.net\/index.php?rest_route=\/wp\/v2\/pages\/1641","targetHints":{"allow":["GET"]}}],"collection":[{"href":"https:\/\/www.donbosco-landser.net\/index.php?rest_route=\/wp\/v2\/pages"}],"about":[{"href":"https:\/\/www.donbosco-landser.net\/index.php?rest_route=\/wp\/v2\/types\/page"}],"author":[{"embeddable":true,"href":"https:\/\/www.donbosco-landser.net\/index.php?rest_route=\/wp\/v2\/users\/1"}],"replies":[{"embeddable":true,"href":"https:\/\/www.donbosco-landser.net\/index.php?rest_route=%2Fwp%2Fv2%2Fcomments&post=1641"}],"version-history":[{"count":6,"href":"https:\/\/www.donbosco-landser.net\/index.php?rest_route=\/wp\/v2\/pages\/1641\/revisions"}],"predecessor-version":[{"id":2476,"href":"https:\/\/www.donbosco-landser.net\/index.php?rest_route=\/wp\/v2\/pages\/1641\/revisions\/2476"}],"up":[{"embeddable":true,"href":"https:\/\/www.donbosco-landser.net\/index.php?rest_route=\/wp\/v2\/pages\/1611"}],"wp:attachment":[{"href":"https:\/\/www.donbosco-landser.net\/index.php?rest_route=%2Fwp%2Fv2%2Fmedia&parent=1641"}],"curies":[{"name":"wp","href":"https:\/\/api.w.org\/{rel}","templated":true}]}}