{"id":1631,"date":"2025-01-14T16:08:05","date_gmt":"2025-01-14T15:08:05","guid":{"rendered":"http:\/\/localhost\/mon-site\/?page_id=1631"},"modified":"2026-03-06T15:04:02","modified_gmt":"2026-03-06T14:04:02","slug":"transports-scolaires","status":"publish","type":"page","link":"https:\/\/www.donbosco-landser.net\/?page_id=1631","title":{"rendered":"Transports scolaires"},"content":{"rendered":"\n<div style=\"height:38px\" aria-hidden=\"true\" class=\"wp-block-spacer\"><\/div>\n\n\n\n<h2 class=\"wp-block-heading has-text-align-center\">Transports Scolaires<\/h2>\n\n\n\n<div style=\"height:38px\" aria-hidden=\"true\" class=\"wp-block-spacer\"><\/div>\n\n\n\n<p><\/p>\n\n\n\n<p><strong>Transports Scolaires \u2013 Ann\u00e9e 2025\/2026<\/strong><\/p>\n\n\n\n<p>Sur cette page, vous trouverez les <strong>horaires des 19 lignes de bus<\/strong> desservant notre \u00e9tablissement pour l\u2019ann\u00e9e scolaire <strong>2025\/2026<\/strong>. Ces horaires sont valables d\u00e8s la rentr\u00e9e de septembre 2025 et sont organis\u00e9s en collaboration avec les collectivit\u00e9s locales et les transporteurs partenaires.<\/p>\n\n\n\n<p>Pour chaque ligne, vous pouvez consulter :<\/p>\n\n\n\n<ul class=\"wp-block-list\">\n<li>Les <strong>horaires d\u00e9taill\u00e9s<\/strong> (allers et retours),<\/li>\n\n\n\n<li>Les <strong>arr\u00eats desservis<\/strong>,<\/li>\n\n\n\n<li>Les \u00e9ventuelles <strong>modifications ou perturbations<\/strong>.<\/li>\n<\/ul>\n\n\n\n<p>Nous vous invitons \u00e0 v\u00e9rifier r\u00e9guli\u00e8rement cette page pour rester inform\u00e9 des mises \u00e0 jour. En cas de question ou de besoin d\u2019assistance, n\u2019h\u00e9sitez pas \u00e0 contacter le service des transports de l\u2019\u00e9tablissement ou la mairie de votre commune.<\/p>\n\n\n\n<p>Pour Consulter les horaires provisoires et document expliquant les modifications d\u2019arr\u00eats : Cliquez sur les boutons ci dessous :<\/p>\n\n\n\n<div class=\"wp-block-buttons is-content-justification-center is-layout-flex wp-container-core-buttons-is-layout-a89b3969 wp-block-buttons-is-layout-flex\">\n<div class=\"wp-block-button\"><a class=\"wp-block-button__link wp-element-button\" href=\"https:\/\/www.donbosco-landser.net\/wp-content\/uploads\/2025\/08\/Parution-des-transports-provisoires-1.pdf\" target=\"_blank\" rel=\"noreferrer noopener\">Transports Scolaires 2025 \/ 2026<\/a><\/div>\n\n\n\n<div class=\"wp-block-button\"><a class=\"wp-block-button__link wp-element-button\" href=\"https:\/\/www.donbosco-landser.net\/wp-content\/uploads\/2026\/03\/Horaire-BUS-25-26.pdf\" target=\"_blank\" rel=\"noreferrer noopener\">Horaires 2025 \/ 2026<\/a><\/div>\n\n\n\n<div class=\"wp-block-button\"><a class=\"wp-block-button__link wp-element-button\" href=\"https:\/\/www.donbosco-landser.net\/wp-content\/uploads\/2025\/08\/Modifcation-bus-2025-2026.pdf\" target=\"_blank\" rel=\"noreferrer noopener\">Modification d&rsquo;arr\u00eats<\/a><\/div>\n<\/div>\n\n\n\n<div style=\"height:40px\" aria-hidden=\"true\" class=\"wp-block-spacer\"><\/div>\n\n\n\n<figure class=\"wp-block-image size-full is-resized\"><img loading=\"lazy\" decoding=\"async\" width=\"638\" height=\"636\" src=\"https:\/\/www.donbosco-landser.net\/wp-content\/uploads\/2025\/04\/Plan-Circuits-Bus.jpg\" alt=\"\" class=\"wp-image-2067\" style=\"width:486px;height:auto\"\/><\/figure>\n\n\n\n<p><\/p>\n","protected":false},"excerpt":{"rendered":"<p>Transports Scolaires Transports Scolaires \u2013 Ann\u00e9e 2025\/2026 Sur cette page, vous trouverez les horaires des 19 lignes de bus desservant [&hellip;]<\/p>\n","protected":false},"author":1,"featured_media":0,"parent":1611,"menu_order":0,"comment_status":"closed","ping_status":"closed","template":"","meta":{"site-sidebar-layout":"default","site-content-layout":"","ast-site-content-layout":"default","site-content-style":"default","site-sidebar-style":"default","ast-global-header-display":"","ast-banner-title-visibility":"","ast-main-header-display":"","ast-hfb-above-header-display":"","ast-hfb-below-header-display":"","ast-hfb-mobile-header-display":"","site-post-title":"disabled","ast-breadcrumbs-content":"","ast-featured-img":"","footer-sml-layout":"","theme-transparent-header-meta":"","adv-header-id-meta":"","stick-header-meta":"","header-above-stick-meta":"","header-main-stick-meta":"","header-below-stick-meta":"","astra-migrate-meta-layouts":"set","ast-page-background-enabled":"default","ast-page-background-meta":{"desktop":{"background-color":"var(--ast-global-color-4)","background-image":"","background-repeat":"repeat","background-position":"center center","background-size":"auto","background-attachment":"scroll","background-type":"","background-media":"","overlay-type":"","overlay-color":"","overlay-opacity":"","overlay-gradient":""},"tablet":{"background-color":"","background-image":"","background-repeat":"repeat","background-position":"center center","background-size":"auto","background-attachment":"scroll","background-type":"","background-media":"","overlay-type":"","overlay-color":"","overlay-opacity":"","overlay-gradient":""},"mobile":{"background-color":"","background-image":"","background-repeat":"repeat","background-position":"center center","background-size":"auto","background-attachment":"scroll","background-type":"","background-media":"","overlay-type":"","overlay-color":"","overlay-opacity":"","overlay-gradient":""}},"ast-content-background-meta":{"desktop":{"background-color":"var(--ast-global-color-5)","background-image":"","background-repeat":"repeat","background-position":"center center","background-size":"auto","background-attachment":"scroll","background-type":"","background-media":"","overlay-type":"","overlay-color":"","overlay-opacity":"","overlay-gradient":""},"tablet":{"background-color":"var(--ast-global-color-5)","background-image":"","background-repeat":"repeat","background-position":"center center","background-size":"auto","background-attachment":"scroll","background-type":"","background-media":"","overlay-type":"","overlay-color":"","overlay-opacity":"","overlay-gradient":""},"mobile":{"background-color":"var(--ast-global-color-5)","background-image":"","background-repeat":"repeat","background-position":"center center","background-size":"auto","background-attachment":"scroll","background-type":"","background-media":"","overlay-type":"","overlay-color":"","overlay-opacity":"","overlay-gradient":""}},"footnotes":""},"class_list":["post-1631","page","type-page","status-publish","hentry"],"jetpack_sharing_enabled":true,"_links":{"self":[{"href":"https:\/\/www.donbosco-landser.net\/index.php?rest_route=\/wp\/v2\/pages\/1631","targetHints":{"allow":["GET"]}}],"collection":[{"href":"https:\/\/www.donbosco-landser.net\/index.php?rest_route=\/wp\/v2\/pages"}],"about":[{"href":"https:\/\/www.donbosco-landser.net\/index.php?rest_route=\/wp\/v2\/types\/page"}],"author":[{"embeddable":true,"href":"https:\/\/www.donbosco-landser.net\/index.php?rest_route=\/wp\/v2\/users\/1"}],"replies":[{"embeddable":true,"href":"https:\/\/www.donbosco-landser.net\/index.php?rest_route=%2Fwp%2Fv2%2Fcomments&post=1631"}],"version-history":[{"count":14,"href":"https:\/\/www.donbosco-landser.net\/index.php?rest_route=\/wp\/v2\/pages\/1631\/revisions"}],"predecessor-version":[{"id":2696,"href":"https:\/\/www.donbosco-landser.net\/index.php?rest_route=\/wp\/v2\/pages\/1631\/revisions\/2696"}],"up":[{"embeddable":true,"href":"https:\/\/www.donbosco-landser.net\/index.php?rest_route=\/wp\/v2\/pages\/1611"}],"wp:attachment":[{"href":"https:\/\/www.donbosco-landser.net\/index.php?rest_route=%2Fwp%2Fv2%2Fmedia&parent=1631"}],"curies":[{"name":"wp","href":"https:\/\/api.w.org\/{rel}","templated":true}]}}